{"id":2425,"date":"2020-05-10T16:57:37","date_gmt":"2020-05-10T20:57:37","guid":{"rendered":"https:\/\/melissalovesdesign.com\/?page_id=2425"},"modified":"2024-02-12T18:33:08","modified_gmt":"2024-02-12T17:33:08","slug":"mentions-legales","status":"publish","type":"page","link":"https:\/\/www.shop.melissalovesevents.com\/index.php\/mentions-legales\/","title":{"rendered":"Mentions l\u00e9gales"},"content":{"rendered":"<p style=\"text-align: justify;\">En vous connectant sur ce site, vous acceptez sans r\u00e9serves les pr\u00e9sentes modalit\u00e9s.<\/p>\n<p style=\"text-align: justify;\"><strong>\u00c9DITEUR<\/strong><\/p>\n<p style=\"text-align: justify;\">Le site www.shop.melissalovesevents.com\u00a0est la propri\u00e9t\u00e9 exclusive de\u00a0<strong>Melissa Loves Events<\/strong>, qui l&#8217;\u00e9dite.<\/p>\n<p style=\"text-align: justify;\"><strong>Melissa Loves Events<\/strong><br \/>Siren : 91350415500015<br \/>T\u00e9l\u00a0 : 06 96 09 24 24<br \/>440 CHEMIN DE LA ROSEE &#8211; Quartier Bac 97224 Ducos &#8211; Martinique<br \/>Num\u00e9ro TVA intracommunautaire : FR92913504155<br \/>Adresse de courrier \u00e9lectronique : melissaloveseventsshop@gmail.com<\/p>\n<p><strong>DIRECTEUR DE LA PUBLICATION ET D\u00c9VELOPPEMENT <\/strong><\/p>\n<p>M\u00e9lissa FAFARD<br \/>Contactez le responsable de la publication : melissaloveseventsshop@gmail.com<\/p>\n<p style=\"text-align: justify;\"><strong>H\u00c9BERGEMENT<\/strong><\/p>\n<p style=\"text-align: justify;\">Le site est h\u00e9berg\u00e9\u00a0par\u00a0<strong>OVH\u00a0<br \/><\/strong>SAS au capital de 10 069 020 \u20ac<br \/>RCS Lille M\u00e9tropole 424 761 419 00045<br \/>Code APE 2620Z<br \/>N\u00b0 TVA : FR 22 424 761 419<br \/>Si\u00e8ge social : 2 rue Kellermann \u2013 59100 Roubaix \u2013 France<\/p>\n\n\n<p>&nbsp;<\/p>\n","protected":false},"excerpt":{"rendered":"<p>En vous connectant sur ce site, vous acceptez sans r\u00e9serves les pr\u00e9sentes modalit\u00e9s. \u00c9DITEUR Le site www.shop.melissalovesevents.com\u00a0est la propri\u00e9t\u00e9 exclusive de\u00a0Melissa Loves Events, qui l&#8217;\u00e9dite. Melissa Loves EventsSiren : 91350415500015T\u00e9l\u00a0 : 06 96 09 24 24440 CHEMIN DE LA ROSEE &#8211; Quartier Bac 97224 Ducos &#8211; MartiniqueNum\u00e9ro TVA intracommunautaire : FR92913504155Adresse de courrier \u00e9lectronique : [&hellip;]<\/p>\n","protected":false},"author":1,"featured_media":0,"parent":0,"menu_order":0,"comment_status":"closed","ping_status":"closed","template":"","meta":{"_eb_attr":"","eb_css":"","footnotes":""},"class_list":["post-2425","page","type-page","status-publish","hentry"],"jetpack_sharing_enabled":true,"_links":{"self":[{"href":"https:\/\/www.shop.melissalovesevents.com\/index.php\/wp-json\/wp\/v2\/pages\/2425","targetHints":{"allow":["GET"]}}],"collection":[{"href":"https:\/\/www.shop.melissalovesevents.com\/index.php\/wp-json\/wp\/v2\/pages"}],"about":[{"href":"https:\/\/www.shop.melissalovesevents.com\/index.php\/wp-json\/wp\/v2\/types\/page"}],"author":[{"embeddable":true,"href":"https:\/\/www.shop.melissalovesevents.com\/index.php\/wp-json\/wp\/v2\/users\/1"}],"replies":[{"embeddable":true,"href":"https:\/\/www.shop.melissalovesevents.com\/index.php\/wp-json\/wp\/v2\/comments?post=2425"}],"version-history":[{"count":2,"href":"https:\/\/www.shop.melissalovesevents.com\/index.php\/wp-json\/wp\/v2\/pages\/2425\/revisions"}],"predecessor-version":[{"id":7649,"href":"https:\/\/www.shop.melissalovesevents.com\/index.php\/wp-json\/wp\/v2\/pages\/2425\/revisions\/7649"}],"wp:attachment":[{"href":"https:\/\/www.shop.melissalovesevents.com\/index.php\/wp-json\/wp\/v2\/media?parent=2425"}],"curies":[{"name":"wp","href":"https:\/\/api.w.org\/{rel}","templated":true}]}}