{"id":7411,"date":"2024-02-11T20:17:38","date_gmt":"2024-02-11T19:17:38","guid":{"rendered":"https:\/\/www.shop.melissalovesevents.com\/?post_type=product&#038;p=7411"},"modified":"2024-03-01T17:18:58","modified_gmt":"2024-03-01T16:18:58","slug":"sac-cadeau-personnalise","status":"publish","type":"product","link":"https:\/\/www.shop.melissalovesevents.com\/index.php\/produit\/sac-cadeau-personnalise\/","title":{"rendered":"Sac cadeau kraft simple personnalis\u00e9"},"content":{"rendered":"<p>\u25c6 Dimensions : environ 16 cm (H) x 13 cm (L) x 4cm (l)<br \/>\n\u25c6 Mati\u00e8re : Papier \u00e9pais blanc<br \/>\n&lt;h5&gt;CHOIX DU FORMAT&lt;\/h5&gt;<br \/>\nLe format n\u2019est pas personnalisable, il est pr\u00e9cis\u00e9 sur la fiche produit.<br \/>\n&lt;h5&gt;PERSONNALISATION DU TEXTE&lt;\/h5&gt;<br \/>\nVous pouvez configurer votre article et nous transmettre vos textes en remplissant les informations demand\u00e9es dans la page du produit.<br \/>\n&lt;h5&gt;COMMANDE &amp;amp; LIVRAISON&lt;\/h5&gt;<br \/>\nLe d\u00e9lai de fabrication de votre commande est de 10 jours ouvr\u00e9s.\u00a0Si en revanche vous avez commandez une box, le d\u00e9lai de fabrication risque d&#8217;\u00eatre allong\u00e9.<\/p>\n<p>Une fois votre commande pr\u00eate, vous recevrez un message par mail.<\/p>\n","protected":false},"excerpt":{"rendered":"<p>Sac cadeau pour vos invit\u00e9s \u00e0 personnaliser selon le th\u00e8me de votre choix. <strong>Choisissez le th\u00e8me de votre choix &gt; <a href=\"https:\/\/www.shop.melissalovesevents.com\/index.php\/liste-des-themes\/\">Voir la liste des th\u00e8mes.<\/a><\/strong><\/p>\n<p>Caract\u00e9ristique: Sac cadeau blanc* + impression 1 face<br \/>\nDimensions : 13cm(l) x 15cm(h)<\/p>\n<p>* Le style de votre sac peut changer en fonction du th\u00e8me<\/p>\n","protected":false},"featured_media":8099,"comment_status":"open","ping_status":"closed","template":"","meta":{"_eb_attr":"","eb_css":""},"product_cat":[20],"product_tag":[84,21,22,82,83,23,24,85,81,25],"class_list":{"0":"post-7411","1":"product","2":"type-product","3":"status-publish","4":"has-post-thumbnail","6":"product_cat-articles-personnalises","7":"product_tag-anniversaire","8":"product_tag-anniversaire-martinique","9":"product_tag-anniversaire-personnalise","10":"product_tag-deco-anniversaire","11":"product_tag-deco-anniversaire-guadeloupe","12":"product_tag-deco-anniversaire-martinique","13":"product_tag-deco-martinique","14":"product_tag-deco-personnalise","15":"product_tag-papeterie","16":"product_tag-papeterie-personnalisee","17":"wcpa_has_options","19":"first","20":"instock","21":"shipping-taxable","22":"purchasable","23":"product-type-simple"},"jetpack_sharing_enabled":true,"_links":{"self":[{"href":"https:\/\/www.shop.melissalovesevents.com\/index.php\/wp-json\/wp\/v2\/product\/7411","targetHints":{"allow":["GET"]}}],"collection":[{"href":"https:\/\/www.shop.melissalovesevents.com\/index.php\/wp-json\/wp\/v2\/product"}],"about":[{"href":"https:\/\/www.shop.melissalovesevents.com\/index.php\/wp-json\/wp\/v2\/types\/product"}],"replies":[{"embeddable":true,"href":"https:\/\/www.shop.melissalovesevents.com\/index.php\/wp-json\/wp\/v2\/comments?post=7411"}],"wp:featuredmedia":[{"embeddable":true,"href":"https:\/\/www.shop.melissalovesevents.com\/index.php\/wp-json\/wp\/v2\/media\/8099"}],"wp:attachment":[{"href":"https:\/\/www.shop.melissalovesevents.com\/index.php\/wp-json\/wp\/v2\/media?parent=7411"}],"wp:term":[{"taxonomy":"product_cat","embeddable":true,"href":"https:\/\/www.shop.melissalovesevents.com\/index.php\/wp-json\/wp\/v2\/product_cat?post=7411"},{"taxonomy":"product_tag","embeddable":true,"href":"https:\/\/www.shop.melissalovesevents.com\/index.php\/wp-json\/wp\/v2\/product_tag?post=7411"}],"curies":[{"name":"wp","href":"https:\/\/api.w.org\/{rel}","templated":true}]}}