{"id":8365,"date":"2024-03-28T04:40:41","date_gmt":"2024-03-28T03:40:41","guid":{"rendered":"https:\/\/www.shop.melissalovesevents.com\/?post_type=product&#038;p=8365"},"modified":"2024-04-18T20:59:30","modified_gmt":"2024-04-18T18:59:30","slug":"formation-decoration-evenementielle","status":"publish","type":"product","link":"https:\/\/www.shop.melissalovesevents.com\/index.php\/produit\/formation-decoration-evenementielle\/","title":{"rendered":"Formation &#8211; D\u00e9coration \u00c9v\u00e9nementielle"},"content":{"rendered":"<p><strong>\u2022 Paiement en 4x via Paypal<\/strong><\/p>\n<p>Uniquement pour les clientes ayant un compte paypal et qui sont \u00e9ligibles au paiement en plusieurs fois.<br \/>\nConditions : &#8211; Avoir un compte personnel et non professionnel<br \/>\n&#8211; Avoir d\u00e9j\u00e0 utilis\u00e9 la plateforme paypal pour vos achats<\/p>\n<p><strong>\u2022 Paiement en plusieurs fois via stripe<\/strong><\/p>\n<p>Paiement en 6 ou 8 fois sans frais<\/p>\n<p><strong>\u2022 Autres moyens de paiement<\/strong><br \/>\nNous contacter directement par mail ou par sms via notre <a href=\"https:\/\/melissalovesevents.com\/index.php\/contact\/\">formulaire<\/a><\/p>\n","protected":false},"excerpt":{"rendered":"<p>La formation vous donnera toutes les connaissances essentielles pour imaginer, cr\u00e9er un \u00e9v\u00e9nement et exceller dans ce domaine durant 4 jours.<\/p>\n<p>Notre objectif est de vous pr\u00e9parer gr\u00e2ce \u00e0 notre exp\u00e9rience \u00e0\u00a0devenir une d\u00e9coratrice \u00e9v\u00e9nementielle exceptionnelle, capable d\u2019\u00e9merveiller et satisfaire vos clients.<\/p>\n<p><strong>SESSION : Du 6 au 9 mai 2024<\/strong><\/p>\n<p>\u2022 Horaires : 9h &#8211; 17 h<br \/>\n\u2022 Repas inclus<br \/>\n\u2022 Boisson inclus<\/p>\n","protected":false},"featured_media":8366,"comment_status":"open","ping_status":"closed","template":"","meta":{"_eb_attr":"","eb_css":""},"product_cat":[18],"product_tag":[],"class_list":{"0":"post-8365","1":"product","2":"type-product","3":"status-publish","4":"has-post-thumbnail","6":"product_cat-non-classe","8":"first","9":"instock","10":"virtual","11":"purchasable","12":"product-type-simple"},"jetpack_sharing_enabled":true,"_links":{"self":[{"href":"https:\/\/www.shop.melissalovesevents.com\/index.php\/wp-json\/wp\/v2\/product\/8365","targetHints":{"allow":["GET"]}}],"collection":[{"href":"https:\/\/www.shop.melissalovesevents.com\/index.php\/wp-json\/wp\/v2\/product"}],"about":[{"href":"https:\/\/www.shop.melissalovesevents.com\/index.php\/wp-json\/wp\/v2\/types\/product"}],"replies":[{"embeddable":true,"href":"https:\/\/www.shop.melissalovesevents.com\/index.php\/wp-json\/wp\/v2\/comments?post=8365"}],"wp:featuredmedia":[{"embeddable":true,"href":"https:\/\/www.shop.melissalovesevents.com\/index.php\/wp-json\/wp\/v2\/media\/8366"}],"wp:attachment":[{"href":"https:\/\/www.shop.melissalovesevents.com\/index.php\/wp-json\/wp\/v2\/media?parent=8365"}],"wp:term":[{"taxonomy":"product_cat","embeddable":true,"href":"https:\/\/www.shop.melissalovesevents.com\/index.php\/wp-json\/wp\/v2\/product_cat?post=8365"},{"taxonomy":"product_tag","embeddable":true,"href":"https:\/\/www.shop.melissalovesevents.com\/index.php\/wp-json\/wp\/v2\/product_tag?post=8365"}],"curies":[{"name":"wp","href":"https:\/\/api.w.org\/{rel}","templated":true}]}}